o base 8
-202
-290 (base 16) to base 3
-220022
Convert -2332 (base 5) to base 10.
-342
What is -13 (base 10) in base 12?
-11
What is -1b0 (base 15) in base 11?
-325
26780 (base 12) to base 7
310233
-229 (base 15) to base 3
-200010
Convert 10100110100110 (base 2) to base 4.
2212212
163d1 (base 14) to base 9
84304
-197 (base 16) to base 11
-340
What is 4769 (base 10) in base 16?
12a1
What is -1213 (base 10) in base 9?
-1587
What is 33213232 (base 4) in base 15?
13e57
What is 344111 (base 6) in base 9?
44317
-3904 (base 14) to base 2
-10011100010000
What is 19133 (base 11) in base 10?
26777
What is 1722 (base 10) in base 12?
bb6
37a9 (base 11) to base 9
6720
-a8a (base 12) to base 15
-6d1
2111022 (base 3) to base 13
a9a
Convert 7cd7 (base 14) to base 15.
669e
11001001111001 (base 2) to base 16
3279
-16422 (base 8) to base 5
-214232
Convert -20a (base 11) to base 2.
-11111100
23223 (base 4) to base 7
2115
Convert 10002 (base 4) to base 6.
1110
70 (base 15) to base 5
410
Convert -25330 (base 6) to base 8.
-7326
436 (base 15) to base 13
582
-12c (base 14) to base 10
-236
What is 342 (base 6) in base 5?
1014
1001100111 (base 2) to base 4
21213
Convert 373 (base 8) to base 6.
1055
-86234 (base 9) to base 7
-325225
-100011111011010 (base 2) to base 10
-18394
-3129 (base 15) to base 2
-10100010010101
59 (base 15) to base 9
103
What is -110000010 (base 2) in base 3?
-112022
What is 818 (base 10) in base 9?
1108
What is 342 (base 10) in base 16?
156
-11000101100 (base 2) to base 11
-1207
Convert 10100011111 (base 2) to base 14.
699
What is -3030 (base 7) in base 2?
-10000011010
1656 (base 9) to base 7
3456
Convert -8065 (base 15) to base 8.
-64727
What is 1212101211 (base 3) in base 8?
107606
-11302222 (base 4) to base 7
-126106
What is 2881 (base 15) in base 11?
6573
What is -17773 (base 11) in base 13?
-b433
Convert 611e (base 16) to base 13.
b416
What is -1020100011 (base 3) in base 10?
-24304
-4a6 (base 16) to base 14
-610
-23230203 (base 4) to base 11
-32aa2
Convert -110110111011 (base 2) to base 11.
-2706
-742 (base 15) to base 13
-98c
-927b (base 13) to base 4
-10323311
What is -200465 (base 7) in base 12?
-17715
16007 (base 11) to base 2
101100001101010
What is 1040140 (base 5) in base 2?
100011011111010
Convert 349b (base 13) to base 7.
30363
-7b2 (base 16) to base 3
-2200222
10be (base 16) to base 5
114121
What is 626a (base 15) in base 10?
20800
What is 64746 (base 9) in base 11?
2a252
What is 101110010010000 (base 2) in base 5?
1224241
-a672 (base 11) to base 13
-656a
Convert 0 (base 14) to base 7.
0
Convert -1e9d (base 16) to base 5.
-222322
115435 (base 6) to base 2
10100001001111
What is -122201 (base 3) in base 2?
-111011110
29a (base 12) to base 11
33a
What is -4001 (base 8) in base 11?
-15a3
Convert 1011010100 (base 2) to base 13.
439
What is 14041 (base 6) in base 14?
b21
1322003 (base 4) to base 5
222221
What is -1474c (base 15) in base 5?
-4101042
What is 31b4 (base 12) in base 7?
21634
What is -3813 (base 13) in base 6?
-100503
Convert -4a (base 13) to base 5.
-222
What is 3040 (base 5) in base 11?
32a
-baba (base 13) to base 15
-7a90
Convert -3221 (base 6) to base 5.
-10413
What is 2816 (base 9) in base 13?
c72
What is 1211 (base 6) in base 3?
101221
What is -20124 (base 12) in base 13?
-15c55
Convert -15d (base 16) to base 2.
-101011101
What is -5e0 (base 16) in base 4?
-113200
21456 (base 7) to base 4
1110012
Convert -393 (base 11) to base 9.
-566
What is -25452 (base 7) in base 3?
-100021000
-7537 (base 14) to base 2
-100111100001101
What is 20338 (base 10) in base 2?
100111101110010
10201112 (base 3) to base 12
16a2
-110010010010111 (base 2) to base 5
-1311001
1066 (base 9) to base 7
2205
Convert -6809 (base 11) to base 9.
-13258
-166 (base 8) to base 3
-11101
Convert -1211221 (base 3) to base 16.
-544
What is -1163 (base 9) in base 15?
-3cc
What is -15424 (base 9) in base 16?
-2938
What is -242 (base 5) in base 9?
-80
Convert -128 (base 10) to base 6.
-332
What is 222551 (base 6) in base 9?
27684
Convert 2012210 (base 3) to base 4.
121032
-1277 (base 8) to base 15
-31d
Convert 231511 (base 7) to base 15.
c40d
What is -10022 (base 4) in base 10?
-266
Convert 210 (base 14) to base 8.
626
-121112112 (base 3) to base 11
-9070
What is 16c (base 16) in base 7?
1030
What is -44040 (base 6) in base 11?
-4620
What is 15074 (base 12) in base 16?
7318
100111110 (base 2) to base 9
383
Convert -212102 (base 3) to base 8.
-1170
-111100010111 (base 2) to base 10
-3863
-212320 (base 6) to base 15
-5250
Convert 5 (base 7) to base 5.
10
Convert -b6 (base 14) to base 11.
-136
Convert 12b9 (base 13) to base 12.
167b
101701 (base 8) to base 2
1000001111000001
What is 819 (base 12) in base 4?
102111
What is 7739 (base 14) in base 12?
bb33
What is -11948 (base 11) in base 7?
-100615
Convert -b92 (base 16) to base 3.
-11001201
What is 44450 (base 6) in base 9?
8473
115 (base 16) to base 2
100010101
Convert 27a (base 15) to base 12.
3b1
Convert 591 (base 12) to base 9.
1121
Convert -330 (base 11) to base 12.
-290
What is -73b (base 14) in base 5?
-21200
Convert -e0c0 (base 15) to base 16.
-b946
What is 12211011 (base 4) in base 6?
324433
-101001010000110 (base 2) to base 16
-5286
Convert 10a (base 12) to base 6.
414
What is -396a (base 12) in base 5?
-202222
-13486 (base 11) to base 4
-10230030
What is 2005 (base 6) in base 16?
1b5
Convert -2401 (base 5) to base 3.
-111000
What is -1010000 (base 2) in base 12?
-68
Convert -1855 (base 15) to base 5.
-132010
What is 2ba (base 14) in base 6?
2324
Convert -101 (base 5) to base 14.
-1c
What is 6a4 (base 12) in base 10?
988
618 (base 9) to base 2
111110111
b71 (base 15) to base 13
1237
Convert -16536 (base 7) to base 14.
-1a1d
Convert 3101 (base 4) to base 10.
209
31142 (base 5) to base 3
2210211
Convert -524441 (base 6) to base 15.
-c8da
Convert -146653 (base 8) to base 9.
-80201
What is -12111111 (base 3) in base 12?
-23a1
What is -2810 (base 13) in base 7?
-22535
What is -4d (base 16) in base 5?
-302
What is 8dc (base 16) in base 5?
33033
What is 313 (base 10) in base 14?
185
What is 21202 (base 4) in base 8?
1142
What is 1451 (base 6) in base 8?
607
-25601 (base 11) to base 14
-d50c
Convert -209c (base 13) to base 9.
-6175
What is -1a8 (base 11) in base 12?
-17b
What is -111 (base 4) in base 8?
-25
Convert 12023 (base 6) to base 16.
6cf
What is 12330 (base 5) in base 11?
7a8
-644 (base 12) to base 5
-12131
20222202 (base 3) to base 8
11750
What is 3313 (base 5) in base 15?
208
What is -114623 (base 8) in base 4?
-21212103
Convert 7146 (base 8) to base 14.
14b4
Convert -21104 (base 5) to base 16.
-57c
-2051 (base 11) to base 13
-1311
What is 4b8 (base 12) in base 5?
10331
Convert -1685 (base 9) to base 4.
-110030
What is 703 (base 15) in base 5?
22303
Convert -2c2 (base 13) to base 16.
-1f0
-2527 (base 15) to base 12
-46b4
Convert 9e50 (base 16) to base 8.
117120
Convert -122201 (base 3) to base 10.
-478
Convert 11101101100101 (base 2) to base 15.
478a
What is -1b0a (base 16) in base 6?
-52014
Convert -2ca8 (base 13) to base 10.
-6560
Convert -2796 (base 14) to base 4.
-1231100
-35060 (base 7) to base 10
-8960
What is 2627 (base 13) in base 15?
192b
Convert -6511 (base 10) to base 9.
-8834
-462 (base 13) to base 16
-2f4
What is -321400 (base 6) in base 12?
-13260
Convert 4435 (base 7) to base 6.
11214
4636 (base 7) to base 10
1693
What is -32354 (base 7) in base 10?
-8075
What is 1010011200 (base 3) in base 9?
33150
What is -40 (base 6) in base 7?
-33
Convert 101001010 (base 2) to base 16.
14a
101010000111 (base 2) to base 14
da7
Convert -10000110 (base 2) to base 8.
-206
-17b (base 12) to base 7
-461
What is -28a (base 16) in base 6?
-3002
What is 1231 (base 9) in base 10?
919
Convert b326 (base 15) to base 11.
26477
Convert 77 (base 8) to base 14.
47
Convert 2a52 (base 11) to base 3.
12101112
What is 12468 (base 10) in base 6?
133420
What is -7766 (base 12) in base 16?
-337e
26571 (base 11) to base 3
1221001121
-1409 (base 14) to base 16
-dd1
-1320 (base 10) to base 13
-7a7
What is -18057 (base 9) in base 8?
-30235
What is 27742 (base 8) in base 12?
7116
Convert -200110 (base 3) to base 4.
-13302
Convert 572 (base 11) to base 13.
408
Convert 1237 (base 9) to base 5.
12200
What is -47872 (base 9) in